 of -16 - -17 - (-2 + 4)?
-1
-4 - (-18 + (3 - -5))
6
4 - (1 - 4 - (2 - 5))
4
6 + -10 + 2 + (-2 - -3)
-1
What is the value of 9 + -10 + -2 + 0 + 5?
2
What is (-7 - -8) + 5 + -1?
5
What is the value of 8 - (-5 + 1 + 3 + 4)?
5
(2 - 2) + 32 + -21 - 3
8
What is the value of 0 - (2 - -9 - 4) - 3?
-10
What is -14 + 26 + 4 + (-1 - 9)?
6
What is -4 + -12 + 4 + 2 + 11?
1
Evaluate 18 + -11 - (-3 - -5).
5
What is 9 + (3 - 4 - 3)?
5
Evaluate -21 - -31 - (6 + -1).
5
3 + 2 + -5 + 0 + -4
-4
Evaluate (0 - 4) + (-7 + 7 - -7).
3
What is 0 - -4 - (-7 + 8)?
3
What is 3 + (3 - 4) - (2 + -2)?
2
What is (1 - (2 + -3)) + (4 - 3)?
3
Evaluate (4 + 5 - -2) + -10.
1
What is -21 + 31 + -7 + -1?
2
What is the value of -3 + -5 + 5 - (1 + -1)?
-3
Evaluate (0 - (-5 - -2)) + -1 + 0.
2
-2 - (-1 - (-11 + 7)) - -1
-4
What is -4 + (-2 + 4 - 3) - -1?
-4
Evaluate (3 - -6) + -3 + -5.
1
Calculate -12 + (12 - (-6 + 9)).
-3
0 - (0 + 8 + (2 - 7))
-3
What is -4 - ((4 + -1 - 0) + -8)?
1
What is -2 + 4 + -6 + 3?
-1
9 - ((-8 - -3) + 9) - 5
0
What is the value of 4 + -1 - (6 + -3) - -6?
6
What is the value of 5 + (-2 - (1 - -5))?
-3
What is -1 + 5 + (0 - 11) - -14?
7
Calculate (1 - -1) + (4 - (4 + 0)).
2
3 - 5 - (0 - 0 - 0)
-2
What is the value of 3 + (-4 - -5) + -4?
0
Calculate (5 - 5 - 3) + 0.
-3
Calculate 2 + -7 + 17 + -12.
0
Evaluate 5 + (6 - 12) + -8 - -2.
-7
What is the value of 5 + 1 + -6 + 6 + -8?
-2
What is 4 - ((15 - 7) + -3)?
-1
What is -2 + -5 + 0 + 1 + 1?
-5
Calculate 3 - (-2 - 1 - (11 - 12)).
5
Calculate (-20 - -15) + (1 - -2) + 0.
-2
(-19 - -8 - -10) + 9
8
Calculate (-28 - -9 - -6) + 7.
-6
What is the value of -4 + (2 - 1) + 4 + 0?
1
What is (-10 - 1) + (4 - -17)?
10
What is the value of 14 - (6 - -2) - 3?
3
What is the value of 2 + -1 - (-5 - (2 + -5))?
3
Evaluate (9 - 1) + -5 - 5.
-2
9 + (7 - (4 + 3)) - 5
4
-8 + (-1 + 7 - 5)
-7
What is the value of 2 + -2 + 0 + -6 + 4?
-2
-8 - (13 + -10 + -3)
-8
Calculate 1 + (-2 + 3 + 3 - 4).
1
4 + -6 + 1 + 0
-1
What is the value of (-4 + 10 + -6 - -6) + -4?
2
Calculate 4 + -4 + 0 - 2.
-2
What is 12 + (-8 + 6 - 4)?
6
What is 0 - -9 - (44 + -31)?
-4
What is 3 + -2 - (-2 - -4 - 0)?
-1
Calculate -8 + (3 - -1) - -2.
-2
What is the value of -1 - (-4 + -1 + 8)?
-4
(-14 - -14) + 4 + 6
10
Calculate 1 + 2 - (-25 + 28) - 4.
-4
What is (1 - 4) + (-2 - -3 - -3)?
1
Calculate -3 - -2 - (6 - 8).
1
Evaluate (-3 - -5) + 5 - (-3 - -3).
7
0 - (3 + -3 + 0)
0
Evaluate -1 + 0 + (3 - (0 + 1)).
1
-6 - (-3 + 2 + (-2 - -2))
-5
Calculate -6 - (-7 + 1 - -3).
-3
Evaluate -15 + 11 + -2 + 11.
5
Calculate -12 + (15 - 6 - -5).
2
Evaluate 1 + -2 - (1 - -3).
-5
Calculate (-22 - -17) + (0 - -3) + 1.
-1
4 + -18 + 11 + (-2 - -2)
-3
Evaluate (-31 - -10) + 7 - -8.
-6
-3 - (0 - (15 - 10))
2
Calculate 6 + -4 + (-5 - -2).
-1
-5 + 7 + (2 - 4) + 1
1
Evaluate 5 - (2 - (-8 - -5)).
0
What is 9 + (0 + 10 - 15)?
4
What is 5 + -3 + 1 + 1?
4
2 + (-5 + (0 - -3) - 2)
-2
Calculate 12 - ((-1 - 4) + (12 - 5)).
10
-1 - (-1 - (4 + -7 + 1))
-2
What is the value of (-1 + -6 + 1 - -2) + 2?
-2
-5 + -7 - -6 - -12 - -1
7
What is -3 + -1 + (4 - -2) + 3?
5
-4 - (0 - (-3 - -4))
-3
What is (-20 - -20) + (2 - 2) + 3?
3
Evaluate 5 + -3 - 2 - -5.
5
What is the value of -4 - (8 - 14 - (-3 - -11))?
10
What is the value of (3 + -1 - -1) + 2?
5
-2 + 1 + 2 + 1
2
Evaluate 0 - ((-1 - 1) + 3 + 0).
-1
What is 0 + -1 - -2 - 4 - 2?
-5
Calculate 9 - 12 - (-1 - -2).
-4
Calculate -7 - (3 + 3 + -20).
7
What is the value of 4 + 0 - (-2 - (-2 + -2))?
2
What is 3 - 2 - ((-4 - -1) + 0)?
4
What is the value of -4 + 0 + -10 + 13 + -3?
-4
What is 2 + (0 - (-4 - -8))?
-2
1 + 2 + 2 + -3 + 2
4
Evaluate -1 + 3 + -2 - (7 + -5).
-2
What is the value of (3 + -3 - 2) + (0 - -1)?
-1
What is (-6 - -13) + -22 + 9?
-6
Calculate 11 - (-6 - -9) - 11.
-3
What is 1 - (4 + 4 + -4)?
-3
What is -4 + (-5 - -15) + 2?
8
What is the value of -8 - (9 + 0 + -16)?
-1
What is the value of -40 + 34 + (-4 - -4) + -1?
-7
Evaluate -1 + 2 - (1 - -5).
-5
What is the value of -1 + 3 + (-1 - -3) + -2?
2
What is the value of -72 + 72 + (1 + -6 - -1)?
-4
Calculate -4 - ((-9 - -2) + 2).
1
What is the value of -2 + (-1 - 1) + 5?
1
22 - (-2 - (-17 + 4))
11
-35 + 27 + 4 + 8
4
What is -5 + (9 - (14 + -9))?
-1
Calculate (-3 - (5 + -10)) + 1 + 0.
3
2 - (0 - (-1 - 5))
-4
What is -1 + -2 + -4 + 4 + 1?
-2
What is ((7 - 0) + -6 - 7) + 9?
3
Calculate 5 + -22 + 8 - -3.
-6
Calculate -5 - -1 - (-10 + 5).
1
Calculate 7 - (11 - (-9 + 11)).
-2
Evaluate -1 + (2 - (6 + -3)) + -2.
-4
Calculate -6 + (2 - 3 - 0) + 3.
-4
Calculate -7 + -2 + 8 - (7 + -1).
-7
Evaluate -2 + 0 + 5 + (-3 - -9).
9
What is the value of (-8 - -2) + -4 + 3 - -14?
7
Evaluate (-5 - 0) + 4 - (-1 - 1).
1
Calculate 0 + (3 - (4 - -8)).
-9
What is 1 + -3 + -14 + (19 - 9)?
-6
Calculate 0 - 3 - -8 - (25 + -17).
-3
What is -5 - (1 + 2 - 5) - -1?
-2
Calculate 13 + (-6 + -1 - (23 + -24)).
7
Evaluate 5 - (-10 - (4 - 16)).
3
Evaluate 6 + (-16 - -2) + 2.
-6
20 - 24 - (0 + -1)
-3
Evaluate -2 - (1 + 0) - (-137 - -134).
0
What is the value of -28 + 31 - (3 + -2 - 2)?
4
Evaluate 0 + -4 + (-1 - -1) + 10.
6
What is -1 + 5 + 2 + -2 + -5?
-1
What is -1 + -1 - (3 + -8) - 2?
1
Calculate 9 + -14 - (-5 - -2).
-2
Calculate 4 + -9 - (-1 + -1).
-3
Evaluate 9 - 17 - (-2 + (1 - 2)).
-5
What is the value of -4 + (-3 - (-6 - 1))?
0
Evaluate 1 + -1 + 4 + -1.
3
Calculate 4 + -3 + 0 + 7 + -4.
4
What is 4 - (8 + 4 + -5)?
-3
Evaluate 1 - ((6 - (4 - 2)) + 4).
-7
What is the value of -5 - (6 + 1 + -9)?
-3
What is 1 - (0 - (1 - 2))?
0
Evaluate 0 + 4 + -5 - -5.
4
What is (9 - 9) + 4 + (-1 - -4)?
7
Calculate (10 - 10) + -10 - -15.
5
Evaluate 6 - (-3 - (-6 + -1)).
2
What is the value of -1 - 1 - (-3 + -6 + 7)?
0
What is the value of 0 - (-7 + -2) - 5?
4
7 - (10 + (0 - 3) + -3)
3
What is the value of -18 + (20 - 5) - (0 - -4)?
-7
-3 - (-1 + -7 + 10) - 1
-6
What is the value of (0 - (5 + -6)) + 2?
3
Calculate 2 + (7 - 5) + -7.
-3
What is the value of -1 + -3 - (-10 - 1) - 3?
4
(24 - 10) + (-2 - 6)
6
4 + 2 + (2 - 0 - 4)
4
11 + -4 + -10 - (0 + 0)
-3
9 + (-4 - -2) + -9
-2
Evaluate 7 - (6 + 5) - -8.
4
Calculate (0 - -8) + 0 + 29 + -30.
7
What is -1 + 2 + -2 + 0 + 1?
0
(2 - 13) + 21 + -17
-7
What is -26 + 22 - (0 - -3)?
-7
Calculate 5 - (-2 - 9 - -7).
9
Calculate -7 - -10 - ((-2 - 1) + 2).
4
0 + -2 + 2 + -5 + 1
-4
What is (-11 - -6) + 0 + 1?
-4
What is 3 + -7 + 0 + 9?
5
Evaluate -49 - -38 - (0 - 8).
-3
Evaluate -5 - (-6 - (-4 + -1)).
-4
What is the value of 8 - (2 + 1) - 0?
5
(5 - -2 - 1) + -6
0
Evaluate 2 + -1 + 0 + 2.
3
What is 0 + 0 + -4 + 3 - -3?
2
Calculate (2 + (-6 - 1) - -3) + 2.
0
What is the value of -11 + -2 + 12 - -8?
7
-5 - (2 + -4) - (-1 + 4)
-6
What is the value of 4 + (-5 - -5 - -1 - 6)?
-1
What is the value of 0 + (6 - 0) + 0?
6
Evaluate -40 - -41 - (-2 + 1).
2
What is -7 - (4 + (-6 - -1) + -2)?
-4
-4 + (-8 - -13) - 3
-2
Evaluate -4 + -1 - (-8 + 10).
-7
Calculate (5 - 1 - (13 - 6)) + -1.
-4
Calculate -1 + -4 + 9 - 9.
-5
Evaluate (0 - 2) + 6 + -7 + 8.
5
Evaluate -3 + 2 + (-4 - -7).
2
(1 - 1 - -3) + (4 - 4)
3
(-2 + 1 - 3) + -34 + 38
0
Calculate (10 - 2) + -90 + 81.
-1
3 - (5 + 3 + -3)
-2
What is the value of 1 + -5 + 5 + -2?
-1
-1 - 9 - (-9 + -1)
0
Calculate -2 + -11 + 15 + (-5 - -1).
-2
What is (-1 + 4 - (-4 + 2)) + 0?
5
What is 10 - (-10 + 30) - -12?
2
Evaluate 3 + 0 + 17 + -21.
-1
What is -14 + (-16 - -13 - -14)?
-3
Calculate (1 - 3) + 0 + 5 + 2.
5
4 + -14 + 5 + (0 - 0)
-5
0 + -3 + 0 - 0
-3
What is 6 + 1 + -2 - (-32 - -34)?
3
What is (-2 - -5) + -6 + 4?
1
3 + -2 + -2 + 0
-1
Evaluate 8 + 0 + -11 - 1.
-4
What is -3 + 0 - (-3 + -2 - 4)?
6
-1 + 5 - (6 - (0 + 5))
3
3 + -11 + 10 - 7
-5
Calculate -80 - -79 - (0 + (-1 - -5)).
-5
What is -14 + 10 + (0 - -1) - 1?
-4
What is -9 - 5 - -13 - (6 - 0)?
-7
What is the value of -3 + (-6 - (7 + -15))?
-1
5 + 0 + -12 + 5
-2
What is 3 + -5 + 1 + -1 + 2?
0
What is the value of (28 - 22) + (1 - 7)?
0
Evaluate -11 + 7 + (0 + 5 - 9).
-8
Evaluate 1 + 1 + 2 + -1 + 0.
3
Evaluate (-5 - -2) + -1 + 11 + -2.
5
What is 5 - (-4 - (4 + 2 + -11))?
4
What is (0 + 4 - 4) + 4 + -2?
2
Calculate (0 - 3) + 7 - (8 - 5).
1
Evaluate 5 - (2 - 2) - (64 + -55).
-4
Calculate (8 - (-9 - -29)) + 21.
9
What is 1 + -3 + (5 - 6) + 0?
-3
What is 9 - 11 - (-7 + 2)?
3
Calculate 0 - (0 - (2 - 3 - 0)).
-1
Evaluate -4 - (0 - (4 + -2 + 2)).
0
What is the val